323 = -4*j + 3*a, p*a - 12 - 281 = -4*j. Is j a prime number?
False
Let j(o) = -10*o - 2. Let l(h) = h**3 - 5*h**2 + 5*h. Let w be l(4). Suppose -5*i - 4 = -w*i. Is j(i) composite?
True
Let z(t) be the first derivative of 3*t**3 + 27*t**2/2 + 11*t + 6. Is z(13) a prime number?
False
Let b = -5037 - -7554. Is b prime?
False
Let o(k) = -1846*k + 1. Let h be o(-11). Suppose -37*u + 34*u = -h. Is u a prime number?
False
Let o = 479 - -14334. Is o composite?
False
Suppose 29*p - 1275488 - 874079 = 0. Is p composite?
True
Suppose 5*l = -1 + 11. Is 3 + (2 - -137 - 1) + l a composite number?
True
Let o(w) = 2*w**3 - 9*w**2 + 2*w + 4. Let c be o(7). Let s = c + -132. Is s a composite number?
False
Let m = 29 + -32. Is (m/(-1))/((-57)/(-5833)) a prime number?
True
Suppose 2*t = 17 + 5. Suppose -13 = -3*u + x, 3*x = -0*u - u + t. Let o(z) = 6*z**3 - 3*z**2 - 8*z + 6. Is o(u) a prime number?
True
Suppose 0*r + 2*r - 788 = 0. Suppose m = 5*h + 228, 4*h + r = 2*m - 32. Let o = -46 + m. Is o prime?
True
Suppose -11*r + 21405 = -24762. Is r composite?
True
Suppose 5*z - 3*z = -2. Is (-10)/((-228)/(-58) - (5 + z)) a composite number?
True
Let o(v) = 176*v**2 - 67*v - 12. Is o(7) composite?
True
Let q(d) = -461*d - 58. Let y be q(-10). Let x = -3150 + y. Is x prime?
False
Suppose 0 = -3*x - 4*z + 150629, 2*x - 100408 = 8*z - 5*z. Is x prime?
True
Suppose 0 = -f + 5*o + 35, -2*o - 7 = 3. Suppose 4*v + 5*l + f = v, 2*v = 5*l + 35. Is (v/3)/((-2)/(-18)) a prime number?
False
Suppose -3*t = 2*t - 25. Let r(l) = -2 + 6 - 2 - 12*l - t. Is r(-6) composite?
True
Let h = 54 + -83. Let d = 321 - h. Let z = d + 399. Is z a composite number?
True
Suppose 36*i - 65038 = 4838. Is i a composite number?
True
Let o = -1549 + 2490. Is o a prime number?
True
Let z = 2076 + -1223. Suppose 4*s = -1094 - 1034. Let v = z - s. Is v a prime number?
False
Let p = 1522 - 771. Is p a prime number?
True
Suppose 5*j + 30 = 10*j. Let o(x) = x - 6. Let h be o(j). Suppose -4*q = -3*t - 553, h*q - 3*t = -3*q + 414. Is q prime?
True
Suppose 873 - 98 = -5*f. Let c be f/(-15) - 2/6. Is 234/c + (-12)/30 a composite number?
False
Let j(q) = 2*q. Let w(p) = p**3 - 9*p**2 + 8*p + 2. Let f be w(8). Let n be j(f). Suppose -86 = 4*r + n*z - 370, -4*z = 2*r - 142. Is r a composite number?
False
Let w(d) = 3*d**2 + 8*d - 10. Let c(n) = n - 1. Let j(m) = -c(m) + w(m). Suppose -2*r - 2*r + 24 = 0. Is j(r) prime?
False
Let a be (-2)/(-15) + 17276/(-420). Let x be 58*6 - (2 + -2). Let k = a + x. Is k a composite number?
False
Suppose 2*d = 5*l + 4371, -4*d + 4*l + 9275 - 563 = 0. Is d composite?
True
Suppose 0 = 3*k - 2*k + 5*b - 13238, 5*k = 7*b + 66094. Is k composite?
True
Suppose 0 = 5*v - 5*y + 5, -6*v + 10 = -4*v + y. Suppose 5*j = -v*w + 11132, 7*w = 4*w - j + 11128. Is w composite?
False
Suppose 0 = 5*u - 10*u - 70. Is u/49 - 4111/(-7) a prime number?
True
Let r(d) be the third derivative of 3*d**4/8 + d**3/6 - 5*d**2. Let a = 5 - 0. Is r(a) prime?
False
Suppose -8*d + 3*d = 1860. Let k = 549 + d. Is k a composite number?
True
Let m(n) = n**3 + n**2. Suppose 0*r - w + 2 = 2*r, -18 = 2*r - 4*w. Let k(s) = -2*s**3 + 7*s**2 + s - 1. Let h(l) = r*k(l) + 2*m(l). Is h(6) a composite number?
True
Let q(k) = -198*k + 23. Let s = -6 + 0. Is q(s) prime?
False
Let n be 1 - 3 - (-4 - 2). Suppose -g - d = -4*d + 7, n*d = 3*g + 6. Suppose 712 = 4*i + 2*j, -j - 4*j - 368 = -g*i. Is i prime?
True
Is 73899/24 + (-15)/120 a prime number?
True
Suppose r - 16 = 3*r. Let q(k) = 3*k**2 - k - 10. Let u(v) = 7*v**2 - 3*v - 20. Let h(w) = 5*q(w) - 2*u(w). Is h(r) prime?
False
Let t = 8888 + -5625. Is t prime?
False
Let m = 34938 + -16399. Is m a composite number?
False
Suppose -4*i + 2312 = z - 2*z, 2873 = 5*i + 3*z. Let o = -300 + i. Is o a composite number?
False
Suppose 17*g + 138090 = 32*g. Is g a prime number?
False
Suppose 0 = -2*x - 33*x + 67585. Is x a prime number?
True
Suppose 119*k - 126*k = -41986. Is k composite?
True
Suppose -1951 = 43*h - 8745. Is h a prime number?
False
Suppose -6 = 28*q - 30*q. Suppose q*k = 3773 + 27994. Is k a composite number?
False
Suppose -4*d = d. Suppose 0*m = -2*a + 2*m + 442, m - 2 = d. Is a a composite number?
False
Let n(d) = -d**2 - 10*d - 12. Let f be n(-6). Suppose -f*q + 5128 = -4*q. Is q composite?
False
Let g(d) = 7 - 3 - 53*d - 2 - 10. Is g(-5) composite?
False
Suppose 0 = 16*v + 347 + 85. Is v/36 - 1*(-16439)/4 a composite number?
True
Let n(d) = -5*d - 24. Let r = -13 - -6. Let q be n(r). Suppose -3*h - q = -404. Is h composite?
False
Suppose -4*x + 4 = -2*h, -5*h - 5*x = -x + 24. Is ((-962)/h)/((-9)/(-18)) a composite number?
True
Is (1 - -2)*-4*206680/(-96) a composite number?
True
Let w = -43911 - -238042. Is w a composite number?
True
Suppose -2*k - 3*h = 11, -2*k - 19 = 2*k + 5*h. Is (k + (-978 - 3))/(-2) prime?
True
Suppose 11*g = 5*g - 5718. Let l = g + 1624. Is l composite?
True
Is (4/(-6))/(22603/7539 + -3) a prime number?
True
Let y be (-1)/4 - (-3)/(-12)*-13841. Let p = 6165 - y. Is p a prime number?
False
Suppose m + 23 = -5*k + 569, 5 = 5*k. Suppose m = l - 2*f - 129, 4*l + 2*f - 2640 = 0. Is l a prime number?
False
Suppose -36304 - 36317 = -9*u. Is u a composite number?
False
Suppose -2*m = 30 - 10. Let k be (m + -1)*(1 + 0). Is -1 + -2 - (1 + k) a prime number?
True
Let a be 0 + -1 + 1 + 3 + -3. Suppose a = -5*c + t + 1060, -2*c - 5*t = -c - 186. Is c a composite number?
False
Suppose 2*w - 14 = -0*w. Suppose -n = w*n - 24. Suppose 21 - 798 = -n*u. Is u a prime number?
False
Suppose -8728 = 3*l - 5*i - 69961, 3*l - i - 61233 = 0. Is l a prime number?
True
Is ((-19)/((-342)/8076))/((-2)/(-3)) a prime number?
True
Suppose -4*i + 2357 = -i + y, 4*y - 3148 = -4*i. Suppose -25 = 5*u, -2*k + 2*u = -6*k + 590. Suppose i - k = 5*h. Is h a prime number?
True
Suppose -413*s + 411*s = -14822. Is s composite?
False
Suppose 6*w = 4*w + 1054. Let l = w - 210. Is l prime?
True
Suppose 2798 = -7*z + 33185. Is z composite?
True
Suppose 23677 + 5936 = 3*v. Is v a prime number?
True
Let j(s) = 6*s**2 - 3*s + 17*s**2 - 26 + 27. Is j(3) a prime number?
True
Let j = -17 - -11. Let f be 68/12 + j/9. Suppose 2*v = v - f*m + 30, 20 = 5*m. Is v composite?
True
Let d(c) = -1764*c - 1021. Is d(-40) a composite number?
False
Let d = 22 - 0. Suppose 2*z = -d + 88. Is z composite?
True
Suppose -82269 = -7*z - 2*z. Suppose 2*l - a = -0*a + 3662, a - z = -5*l. Is l a composite number?
True
Let y be 19548/(-306) + 2/(-17). Let b = -9 - y. Is b prime?
False
Is (35/(-15))/((-4)/(-3048)*-2) a prime number?
False
Let k = 5296 + -2328. Suppose 0 = 4*t - 384 - k. Is t prime?
False
Let t(r) be the third derivative of r**5/60 - 3*r**4/8 - r**3/3 + 15*r**2. Is t(-8) prime?
False
Let z be (5/(-1))/((-3)/33). Suppose 5*q = 5*b + 75, 0 = -4*b - q - 0*q - z. Is 1/(-2) + (-1953)/b a prime number?
True
Let b = 5161 + -1524. Is b a prime number?
True
Suppose 5*x + f - 3*f = -384, 3*x = f - 230. Let q = -23 - x. Is q a prime number?
True
Suppose 24*b - 28*b = -4276. Is b a composite number?
False
Suppose -18*h + 12143 + 75139 = 0. Is h composite?
True
Suppose 0*u - 7*u + 96593 = 0. Is u a composite number?
False
Suppose -3*y + 9062 = -q - 3*q, 2*y = 4*q + 6040. Let p = -1763 + y. Is p composite?
False
Is ((-42974)/(-3))/(20/30) composite?
False
Let t be (-6)/(-2)*317/1. Let u = 1433 - t. Is u prime?
False
Let v be (-1 - -5) + 0 - 6. Let c be (v/(-4))/(1/(-2)). Is ((-220)/(-80))/(c/(-20)) composite?
True
Let s(b) = 127*b**2 + 8*b + 45. Is s(-4) a prime number?
False
Let b(m) = 5*m + 2. Let p be b(-6). Let h = 35 + p. Suppose 0 = h*g + 545 - 1518. Is g a composite number?
False
Let a(o) = 22*o**3 - 10*o**2 + 8*o - 5. Is a(6) a composite number?
True
Let z(h) = 5*h**2 + 7*h - 6. Let v be z(-6). Let y be 1*(0 + (-597)/(-3)). Let b = y - v. Is b prime?
True
Let p(z) = 37*z**2 - 3*z + 7. Suppose j + a - 4 = 0, -2*j - 3*a + 0 + 9 = 0. Is p(j) a prime number?
True
Let c(n) = 23*n**2 + n + 7. Let t be c(7). Suppose 4*b = 11*b - t. Is b composite?
False
Let k = -3791 - -9292. Is k composite?
False
Let g = -170311 - -259446. Is g a prime number?
False
Let p = 187 - 126. Let b = p - 6. Is b prime?
False
Suppose 0 = a - 2*y + 7, -4*a + 34 = -a + 5*y. Is ((-2)/a)/(4/(-5802)) composite?
False
Suppose 5*k - 3*k + 4 = 3*